8*l - 82442 - 92974 = 2384. What is the tens digit of l?
5
Let u(a) be the second derivative of a**4/12 + 16*a**3/3 + 123*a**2/2 - 8*a. What is the hundreds digit of u(-34)?
1
Suppose r - 13*r = 3*r. What is the hundreds digit of (r - (-5 - -1)) + 169?
1
Suppose 0 = z - 6*h + 5*h - 30397, 4*h = -4*z + 121596. What is the thousands digit of z?
0
Suppose v - 16075 = -4*j + 36783, -3*v + 158529 = -3*j. What is the hundreds digit of v?
8
Suppose 14*n + 316 = 1324. Let o = 68 - n. What is the hundreds digit of 1/((-3)/(-432)) - o?
1
Suppose 227013 + 54237 = 7*s + 11*s. What is the units digit of s?
5
Let p = 2850 + 1071. What is the units digit of p?
1
Suppose 4*z - 26*q = -22*q + 46100, 5*z - 2*q = 57625. What is the thousands digit of z?
1
What is the tens digit of ((-19)/((-380)/30) - (-21706)/4)/2?
1
Suppose 2*q + 16 = 0, -3*q + 4816 - 721 = 3*d. What is the tens digit of d?
7
Suppose -2*v + 18042 = -k, 120*v = 121*v - 2*k - 9015. What is the hundreds digit of v?
0
Suppose -2*t - 2*t = 156. Let b = -38 - t. What is the units digit of -1 + (84 - b) + -4?
8
Suppose 14*q + 24080 = 15*q - 9*p, 5*q - p = 120092. What is the tens digit of q?
1
Let w(h) = 16*h**3 - h**2 - 3*h - 3. Let p be w(-1). What is the units digit of (-313)/(-2)*(19 + p)?
3
Let z be 14/2 + ((-2)/(-1) - (9 - 1)). Let a be (0 - (1 - 1))/2. What is the units digit of z - ((-4)/1 - a)?
5
Let l(j) = j**3 + 56*j**2 + 38*j + 224. What is the ten thousands digit of l(-48)?
1
Let b be 40/15*(-312)/(-32). Suppose -b*r = -0*r - 17290. What is the units digit of r?
5
Suppose -3*t - 1865 = -8273. Let s = -1490 + t. What is the hundreds digit of s?
6
Let m = 2968 + -977. What is the tens digit of m?
9
Let f(o) be the first derivative of 47*o**3/3 + 2*o**2 - 2*o + 72. What is the tens digit of f(-2)?
7
Suppose 2*f + 3*d + 2 = 6, 5*f - 3*d = 10. What is the hundreds digit of 9*201/18*f?
2
Let u(k) = -12*k**2 + 8*k - 24. Let g be u(2). Let p = 695 - 465. Let y = p - g. What is the tens digit of y?
8
Let w(r) = -34*r - 21. Let h be w(-3). Let v = h + -72. Suppose -17*m = -v*m - 536. What is the tens digit of m?
6
Suppose 39*x - 53*x = -96964. What is the hundreds digit of x?
9
Suppose 26*p - 407369 + 176880 = 460591. What is the thousands digit of p?
6
Let a(v) = -11*v**2 + 3*v - 4. Suppose h + 6*h + 35 = 0. Let c(z) = -z**2. Let b(g) = h*c(g) - a(g). What is the units digit of b(2)?
2
Let b = 13234 - 6589. What is the tens digit of b?
4
Let p = 11003 - 6696. What is the hundreds digit of p?
3
Let f(b) = 103*b**3 - 18*b**2 + 92*b - 55. What is the tens digit of f(5)?
3
Let a(j) = -40*j + 302. Suppose 2*i - 6*i = -z + 99, 79 = -3*i - 4*z. What is the units digit of a(i)?
2
Suppose -2*m - 431*y + 2542 = -427*y, 5*y = 5*m - 6280. What is the units digit of m?
1
Suppose -46836 = -15*m + 53634. What is the tens digit of m?
9
Let s(o) = -5*o - 3. Let f be s(1). Let u be (-1)/f - 5/((-80)/4846). Let x = u + -173. What is the units digit of x?
0
Let n(b) = 4*b**2 + b - 1. Suppose 9*o + 8 - 53 = 0. Suppose 6*u + 3*d - 25 = u, -5*u + o*d - 15 = 0. What is the units digit of n(u)?
7
Let w(x) be the first derivative of 4*x**3/3 + 5*x**2/2 + 2*x + 1. What is the hundreds digit of w(8)?
2
Let o(b) = -298*b**2 + 5*b - 4. Let g be o(1). Let j = 272 - g. What is the tens digit of j?
6
Let s(q) = 2*q**3 - 33*q**2 + 18*q - 28. Let v be s(16). Suppose -t - 3430 = -3*g, 0 = -0*g - v*g - 5*t + 4586. What is the tens digit of g?
4
Let b(d) = 3*d**2 - 17*d - 2. Suppose 3*g = 29*g + 130. What is the hundreds digit of b(g)?
1
Suppose -139*g = -134*g - 30*u - 78480, -3*u = -3*g + 46998. What is the tens digit of g?
6
Let h be 9/15*5 + -4 + 1. Suppose h = -3*z + 15*z - 300. Suppose -z*i + 26*i - 82 = 0. What is the tens digit of i?
8
Let t be 1 + 138/30 + 3/(-5). Let d be ((-10)/9)/(t/(-45)). Let k(g) = g**2 + 3*g + 5. What is the hundreds digit of k(d)?
1
Suppose -3*q - 1573 = -3*o + 8*o, -o = 4*q + 318. Let r = -98 - o. What is the hundreds digit of r?
2
Suppose 62420 = 2*q - 3*n, -3*n = 5*q - 71199 - 84830. What is the ten thousands digit of q?
3
Let m be (18788/16)/11 - 3/(-12). Suppose 101*v = m*v - 3204. What is the units digit of v?
4
Let p = -14 + 30. Let q be (48/p)/(1/1). Suppose -13 = -q*r + 47. What is the tens digit of r?
2
Let n = -59 + 61. Suppose 2*i + 10 = 2*m, 5*m + n*i - 10 = 4*i. Suppose m = -q + 2*f + 2*f + 54, -3*q + 3*f + 162 = 0. What is the units digit of q?
4
Let s be (-135 - -1)*(-10)/10. Suppose -7*f + s = 43. What is the units digit of f?
3
Let i(k) = -29*k**3 - 16*k**2 - k + 34. What is the tens digit of i(-6)?
2
Let s = -64 - -97. Suppose -5*u - m - 47 = -0*m, -s = 3*u + 3*m. What is the units digit of ((-12)/(-2))/((-2)/u)?
7
Let z be (4/(-18) - (-175)/(-63))/(-1). Suppose k = 2*k - 2, -4*k + 875 = z*t. What is the hundreds digit of t?
2
Let f be 0*(3 - 7/2). Suppose -2*l + 2 + 6 = f. Suppose -w + m = -146, m = l*w - 677 + 93. What is the tens digit of w?
4
Let o(s) = 33*s**2 + 52*s - 241. What is the thousands digit of o(30)?
1
Suppose 0 = 9*v - 120*v + 480741. What is the units digit of v?
1
Let s be 30/16*168/63. Let z = -3 + 8. Suppose s*d - 263 = 2*d - 5*g, z*d - 421 = -4*g. What is the tens digit of d?
8
Suppose 22 = 4*b + 2*g, -3*b + 5*g = 3 - 0. Suppose -b*q + 786 + 468 = 5*y, 5*q - 755 = -3*y. What is the hundreds digit of y/2 - (-3 - -2)?
1
Suppose 0 = -5*i + 24*n - 29*n + 141215, -4*i - 5*n = -112975. Suppose 0 = 20*g + i - 67100. What is the hundreds digit of g?
9
Let q be (0 - 86) + (1 - (-5 + 10)). Let t = 392 + q. What is the tens digit of t?
0
What is the ten thousands digit of (-15572)/102*-369*(-5 - -6)?
5
Suppose -20*h + 2*h = -36. What is the tens digit of (28/140)/(h/3790)?
7
Let b be ((-3)/3 + 48)*-1. Let j = b - -52. Suppose -j*m = 8 - 473. What is the units digit of m?
3
Let n be -3 + 7 + (-1 - 1). Suppose -1127 = -n*d + u, -936 = -2*d - 5*u + 221. What is the tens digit of d?
6
Suppose -391*x + 393*x + 7273 = y, -3*x + 14595 = 2*y. What is the units digit of y?
7
Let m = 262 + -50. Suppose 0*t + m = 5*t + q, q - 170 = -4*t. Suppose -4*p = -5*a - 90, -52 - t = -5*p - 3*a. What is the units digit of p?
0
Suppose 0 = -4*v, 3*a - 3*v = 4 + 2. Let y(p) = -21*p + 44 + 39*p - 7 + a*p**2. What is the units digit of y(-11)?
1
Let v(y) = 5 + 2 + 21*y + 24*y**3 + 13 + 15*y**2 - 23*y**3. What is the hundreds digit of v(-9)?
3
What is the thousands digit of (7 - (-8 - 4642)) + (0 - 3)?
4
Suppose -115*p + 110*p = -2125. Let m = 873 - p. What is the hundreds digit of m?
4
Suppose 18 = -4*f + f, 5*v + 2*f - 110218 = 0. What is the units digit of v?
6
Suppose -y = 4*x - 90, 2*y + 0*x - 159 = -x. Let w = 83 - y. What is the units digit of w?
5
Suppose -44*y - 39214 + 2152990 = 4*y. What is the ten thousands digit of y?
4
Let j(x) = -4*x - 65. Suppose r - 31 - 41 = 0. Suppose r = -4*l + 4*k, -l = -3*l + k - 38. What is the tens digit of j(l)?
1
Let l be (-2 - 4)*6/4. Let t be (l/(-3) - 6) + 4 + -1. Suppose 5*q = -25, -130 = -b - t*b + 2*q. What is the hundreds digit of b?
1
Let k(w) = -w**2 - 11*w - 19. Let d be k(-3). Suppose 55 = l - d*o, l + 2*o + 217 = 4*l. What is the units digit of l?
5
Let i(k) = 301*k + 4. Let v be i(5). Let c = 2641 - v. What is the units digit of (-12)/28 - c/(-28)?
0
Suppose -264 = -2*j - 290. What is the hundreds digit of (j/(-5) + 28/70)*78?
2
Let q(c) be the third derivative of c**5/12 + c**4/6 - c**3/6 + 25*c**2. Let s be q(1). What is the tens digit of (-257)/(-4) + s/(-32)?
6
Let z be 1*(12/(-9) - -1)*-15. Suppose 0 = -z*v + 2*l - 5*l + 426, -v + 94 = 5*l. Suppose 3*m + h = v, 2*h + 3*h = 5*m - 120. What is the tens digit of m?
2
Let w = 16585 - 12979. What is the hundreds digit of w?
6
Let c = 76 - 84. Let s be 40/(4/c + 1). Suppose -5*w = 5*h - s, -4*h - 39 = -w - 98. What is the units digit of h?
5
Suppose -4*i = -5*h - 128 + 7576, 2*h + 2*i - 2990 = 0. What is the hundreds digit of h?
4
Suppose -20600 + 2975 = -o + 5*r - 8*r, -5*r = 0. What is the ten thousands digit of o?
1
Let u(z) = 4*z**2 - 10*z - 19. Let a be u(-2). Suppose a*v - 16976 = 5311. What is the tens digit of v?
1
Let r = -53536 - -107012. What is the units digit of r?
6
Let o = 48961 + -33291. What is the ten thousands digit of o?
1
Suppose -4*n = -4, 44*n + 38443 = 3*p + 39*n. 